65.108.6.34 - - [14/Sep/2026:08:14:59 -0500] "GET /?path=/home2/c141648 HTTP/1.1" 200 5596 "https://www.rosenblumtv.com/" "Mozilla/5.0 (compatible; SEOkicks; +https://www.seokicks.de/robot.html)" www.rosenblumtv.com 162.215.248.74
66.249.72.162 - - [14/Sep/2026:08:15:00 -0500] "GET /?g=a1r8r1e9s5t9e1d82144 HTTP/1.1" 200 53018 "-" "Mozilla/5.0 (Linux; Android 6.0.1; Nexus 5X Build/MMB29P) AppleWebKit/537.36 (KHTML, like Gecko) Chrome/152.0.7977.82 Mobile Safari/537.36 (compatible; Googlebot/2.1; +http://www.google.com/bot.html)" www.rosenblumtv.com 162.215.248.74
66.249.72.162 - - [14/Sep/2026:08:15:01 -0500] "GET /?g=m0y2x3e0d8e5m2a90105 HTTP/1.1" 200 51894 "-" "Mozilla/5.0 (Linux; Android 6.0.1; Nexus 5X Build/MMB29P) AppleWebKit/537.36 (KHTML, like Gecko) Chrome/152.0.7977.82 Mobile Safari/537.36 (compatible; Googlebot/2.1; +http://www.google.com/bot.html)" www.rosenblumtv.com 162.215.248.74
65.108.6.34 - - [14/Sep/2026:08:15:02 -0500] "GET /?path=/home2/c141648/rosenblumtv.com HTTP/1.1" 200 4825 "https://rosenblumtv.com/" "Mozilla/5.0 (compatible; SEOkicks; +https://www.seokicks.de/robot.html)" rosenblumtv.com 162.215.248.74
65.108.6.34 - - [14/Sep/2026:08:15:02 -0500] "GET /?path=/home2/c141648/rosenblumtv.com HTTP/1.1" 200 4826 "https://www.rosenblumtv.com/" "Mozilla/5.0 (compatible; SEOkicks; +https://www.seokicks.de/robot.html)" www.rosenblumtv.com 162.215.248.74
66.249.72.163 - - [14/Sep/2026:08:15:03 -0500] "GET /?g=s1i7d1e9s3m9a5n60901 HTTP/1.1" 200 51496 "-" "Mozilla/5.0 (Linux; Android 6.0.1; Nexus 5X Build/MMB29P) AppleWebKit/537.36 (KHTML, like Gecko) Chrome/152.0.7977.82 Mobile Safari/537.36 (compatible; Googlebot/2.1; +http://www.google.com/bot.html)" www.rosenblumtv.com 162.215.248.74
66.249.72.162 - - [14/Sep/2026:08:15:04 -0500] "GET /?phalangistidae/021233585603 HTTP/1.1" 200 59884 "-" "Mozilla/5.0 (Linux; Android 6.0.1; Nexus 5X Build/MMB29P) AppleWebKit/537.36 (KHTML, like Gecko) Chrome/152.0.7977.82 Mobile Safari/537.36 (compatible; Googlebot/2.1; +http://www.google.com/bot.html)" www.rosenblumtv.com 162.215.248.74
65.108.6.34 - - [14/Sep/2026:08:15:05 -0500] "GET /?path=/home2/c141648/rosenblumtv.com/.quarantine HTTP/1.1" 200 955 "https://rosenblumtv.com/" "Mozilla/5.0 (compatible; SEOkicks; +https://www.seokicks.de/robot.html)" rosenblumtv.com 162.215.248.74
65.108.6.34 - - [14/Sep/2026:08:15:05 -0500] "GET /?path=/home2/c141648/rosenblumtv.com/.quarantine HTTP/1.1" 200 955 "https://www.rosenblumtv.com/" "Mozilla/5.0 (compatible; SEOkicks; +https://www.seokicks.de/robot.html)" www.rosenblumtv.com 162.215.248.74
66.249.72.162 - - [14/Sep/2026:08:15:06 -0500] "GET /?g=u0n8t1e2n7t0e2d76299 HTTP/1.1" 200 54376 "-" "Mozilla/5.0 (Linux; Android 6.0.1; Nexus 5X Build/MMB29P) AppleWebKit/537.36 (KHTML, like Gecko) Chrome/152.0.7977.82 Mobile Safari/537.36 (compatible; Googlebot/2.1; +http://www.google.com/bot.html)" www.rosenblumtv.com 162.215.248.74
66.249.72.162 - - [14/Sep/2026:08:15:07 -0500] "GET /?g=n0e7m2a9t3e7l5m3i5a455 HTTP/1.1" 200 50342 "-" "Mozilla/5.0 (Linux; Android 6.0.1; Nexus 5X Build/MMB29P) AppleWebKit/537.36 (KHTML, like Gecko) Chrome/152.0.7977.82 Mobile Safari/537.36 (compatible; Googlebot/2.1; +http://www.google.com/bot.html)" www.rosenblumtv.com 162.215.248.74
65.108.6.34 - - [14/Sep/2026:08:15:07 -0500] "GET /?path=/home2/c141648/rosenblumtv.com/.tmb HTTP/1.1" 200 1397 "https://rosenblumtv.com/" "Mozilla/5.0 (compatible; SEOkicks; +https://www.seokicks.de/robot.html)" rosenblumtv.com 162.215.248.74
66.249.72.162 - - [14/Sep/2026:08:15:08 -0500] "GET /?g=h0i5r1s9u9t5e8n7e2s8s08 HTTP/1.1" 200 52110 "-" "Mozilla/5.0 (Linux; Android 6.0.1; Nexus 5X Build/MMB29P) AppleWebKit/537.36 (KHTML, like Gecko) Chrome/152.0.7977.82 Mobile Safari/537.36 (compatible; Googlebot/2.1; +http://www.google.com/bot.html)" www.rosenblumtv.com 162.215.248.74
65.108.6.34 - - [14/Sep/2026:08:15:08 -0500] "GET /?path=/home2/c141648/rosenblumtv.com/.tmb HTTP/1.1" 200 1397 "https://www.rosenblumtv.com/" "Mozilla/5.0 (compatible; SEOkicks; +https://www.seokicks.de/robot.html)" www.rosenblumtv.com 162.215.248.74
66.249.72.162 - - [14/Sep/2026:08:15:09 -0500] "GET /?g=s0y6m4m2e0t1r6a1l7772 HTTP/1.1" 200 49587 "-" "Mozilla/5.0 (Linux; Android 6.0.1; Nexus 5X Build/MMB29P) AppleWebKit/537.36 (KHTML, like Gecko) Chrome/152.0.7977.82 Mobile Safari/537.36 (compatible; Googlebot/2.1; +http://www.google.com/bot.html)" www.rosenblumtv.com 162.215.248.74
66.249.72.162 - - [14/Sep/2026:08:15:10 -0500] "GET /?g=o0b6e2i9s7a1n7c3e6 HTTP/1.1" 200 51361 "-" "Mozilla/5.0 (Linux; Android 6.0.1; Nexus 5X Build/MMB29P) AppleWebKit/537.36 (KHTML, like Gecko) Chrome/152.0.7977.82 Mobile Safari/537.36 (compatible; Googlebot/2.1; +http://www.google.com/bot.html)" www.rosenblumtv.com 162.215.248.74
65.108.6.34 - - [14/Sep/2026:08:15:10 -0500] "GET /?path=/home2/c141648/rosenblumtv.com/.well-known HTTP/1.1" 200 1137 "https://rosenblumtv.com/" "Mozilla/5.0 (compatible; SEOkicks; +https://www.seokicks.de/robot.html)" rosenblumtv.com 162.215.248.74
65.108.6.34 - - [14/Sep/2026:08:15:11 -0500] "GET /?path=/home2/c141648/rosenblumtv.com/.well-known HTTP/1.1" 200 1137 "https://www.rosenblumtv.com/" "Mozilla/5.0 (compatible; SEOkicks; +https://www.seokicks.de/robot.html)" www.rosenblumtv.com 162.215.248.74
66.249.72.162 - - [14/Sep/2026:08:15:11 -0500] "GET /?g=d0r3o3i5l37874433 HTTP/1.1" 200 52523 "-" "Mozilla/5.0 (Linux; Android 6.0.1; Nexus 5X Build/MMB29P) AppleWebKit/537.36 (KHTML, like Gecko) Chrome/152.0.7977.82 Mobile Safari/537.36 (compatible; Googlebot/2.1; +http://www.google.com/bot.html)" www.rosenblumtv.com 162.215.248.74
66.249.72.162 - - [14/Sep/2026:08:15:13 -0500] "GET /?g=c1l1o3v7e1r6l1e5a4f615 HTTP/1.1" 200 58913 "-" "Mozilla/5.0 (Linux; Android 6.0.1; Nexus 5X Build/MMB29P) AppleWebKit/537.36 (KHTML, like Gecko) Chrome/152.0.7977.82 Mobile Safari/537.36 (compatible; Googlebot/2.1; +http://www.google.com/bot.html)" www.rosenblumtv.com 162.215.248.74
65.108.6.34 - - [14/Sep/2026:08:15:13 -0500] "GET /?path=/home2/c141648/rosenblumtv.com/Developer HTTP/1.1" 200 1654 "https://rosenblumtv.com/" "Mozilla/5.0 (compatible; SEOkicks; +https://www.seokicks.de/robot.html)" rosenblumtv.com 162.215.248.74
66.249.72.162 - - [14/Sep/2026:08:15:14 -0500] "GET /?g=s0o1o2s1h2o4n2g91848 HTTP/1.1" 200 50293 "-" "Mozilla/5.0 (Linux; Android 6.0.1; Nexus 5X Build/MMB29P) AppleWebKit/537.36 (KHTML, like Gecko) Chrome/152.0.7977.82 Mobile Safari/537.36 (compatible; Googlebot/2.1; +http://www.google.com/bot.html)" www.rosenblumtv.com 162.215.248.74
65.108.6.34 - - [14/Sep/2026:08:15:14 -0500] "GET /?path=/home2/c141648/rosenblumtv.com/Developer HTTP/1.1" 200 1654 "https://www.rosenblumtv.com/" "Mozilla/5.0 (compatible; SEOkicks; +https://www.seokicks.de/robot.html)" www.rosenblumtv.com 162.215.248.74
66.249.72.163 - - [14/Sep/2026:08:15:15 -0500] "GET /?eccopsis/163567351389 HTTP/1.1" 200 54487 "-" "Mozilla/5.0 (Linux; Android 6.0.1; Nexus 5X Build/MMB29P) AppleWebKit/537.36 (KHTML, like Gecko) Chrome/152.0.7977.82 Mobile Safari/537.36 (compatible; Googlebot/2.1; +http://www.google.com/bot.html)" www.rosenblumtv.com 162.215.248.74
66.249.72.162 - - [14/Sep/2026:08:15:16 -0500] "GET /?g=r0u7p3t5u6r5e906985 HTTP/1.1" 200 53083 "-" "Mozilla/5.0 (Linux; Android 6.0.1; Nexus 5X Build/MMB29P) AppleWebKit/537.36 (KHTML, like Gecko) Chrome/152.0.7977.82 Mobile Safari/537.36 (compatible; Googlebot/2.1; +http://www.google.com/bot.html)" www.rosenblumtv.com 162.215.248.74
65.108.6.34 - - [14/Sep/2026:08:15:16 -0500] "GET /?path=/home2/c141648/rosenblumtv.com/Lisa HTTP/1.1" 200 1521 "https://rosenblumtv.com/" "Mozilla/5.0 (compatible; SEOkicks; +https://www.seokicks.de/robot.html)" rosenblumtv.com 162.215.248.74
65.108.6.34 - - [14/Sep/2026:08:15:17 -0500] "GET /?path=/home2/c141648/rosenblumtv.com/Lisa HTTP/1.1" 200 1521 "https://www.rosenblumtv.com/" "Mozilla/5.0 (compatible; SEOkicks; +https://www.seokicks.de/robot.html)" www.rosenblumtv.com 162.215.248.74
66.249.72.163 - - [14/Sep/2026:08:15:17 -0500] "GET /?g=h1y5p3o3c7h3o9n7d6r8y12 HTTP/1.1" 200 52045 "-" "Mozilla/5.0 (Linux; Android 6.0.1; Nexus 5X Build/MMB29P) AppleWebKit/537.36 (KHTML, like Gecko) Chrome/152.0.7977.82 Mobile Safari/537.36 (compatible; Googlebot/2.1; +http://www.google.com/bot.html)" www.rosenblumtv.com 162.215.248.74
66.249.72.162 - - [14/Sep/2026:08:15:18 -0500] "GET /?g=d1r3o5i4l5049413 HTTP/1.1" 200 50539 "-" "Mozilla/5.0 (Linux; Android 6.0.1; Nexus 5X Build/MMB29P) AppleWebKit/537.36 (KHTML, like Gecko) Chrome/152.0.7977.82 Mobile Safari/537.36 (compatible; Googlebot/2.1; +http://www.google.com/bot.html)" www.rosenblumtv.com 162.215.248.74
66.249.72.164 - - [14/Sep/2026:08:15:20 -0500] "GET /?g=s0o8o3t2h1l9y673555 HTTP/1.1" 200 53618 "-" "Mozilla/5.0 (Linux; Android 6.0.1; Nexus 5X Build/MMB29P) AppleWebKit/537.36 (KHTML, like Gecko) Chrome/152.0.7977.82 Mobile Safari/537.36 (compatible; Googlebot/2.1; +http://www.google.com/bot.html)" www.rosenblumtv.com 162.215.248.74
66.249.72.162 - - [14/Sep/2026:08:15:21 -0500] "GET /?g=g0o5n3o8z4o5o3i5d4736 HTTP/1.1" 200 55050 "-" "Mozilla/5.0 (Linux; Android 6.0.1; Nexus 5X Build/MMB29P) AppleWebKit/537.36 (KHTML, like Gecko) Chrome/152.0.7977.82 Mobile Safari/537.36 (compatible; Googlebot/2.1; +http://www.google.com/bot.html)" www.rosenblumtv.com 162.215.248.74
66.249.72.163 - - [14/Sep/2026:08:15:22 -0500] "GET /?clanging/031238931617 HTTP/1.1" 200 49542 "-" "Mozilla/5.0 (Linux; Android 6.0.1; Nexus 5X Build/MMB29P) AppleWebKit/537.36 (KHTML, like Gecko) Chrome/152.0.7977.82 Mobile Safari/537.36 (compatible; Googlebot/2.1; +http://www.google.com/bot.html)" www.rosenblumtv.com 162.215.248.74
52.167.144.206 - - [14/Sep/2026:08:15:23 -0500] "GET /mycoderma/permitted/m1o4u1l6d2i8n5g10800 HTTP/2.0" 404 4677 "-" "Mozilla/5.0 AppleWebKit/537.36 (KHTML, like Gecko; compatible; bingbot/2.0; +http://www.bing.com/bingbot.htm) Chrome/116.0.1938.76 Safari/537.36" www.rosenblumtv.com 162.215.248.74
66.249.72.163 - - [14/Sep/2026:08:15:23 -0500] "GET /?g=m1e5i2n2e8063308 HTTP/1.1" 200 53460 "-" "Mozilla/5.0 (Linux; Android 6.0.1; Nexus 5X Build/MMB29P) AppleWebKit/537.36 (KHTML, like Gecko) Chrome/152.0.7977.82 Mobile Safari/537.36 (compatible; Googlebot/2.1; +http://www.google.com/bot.html)" www.rosenblumtv.com 162.215.248.74
66.249.72.162 - - [14/Sep/2026:08:15:25 -0500] "GET /?g=s0a4n2g0u4i3n2e5n3e0s9s7 HTTP/1.1" 200 50558 "-" "Mozilla/5.0 (Linux; Android 6.0.1; Nexus 5X Build/MMB29P) AppleWebKit/537.36 (KHTML, like Gecko) Chrome/152.0.7977.82 Mobile Safari/537.36 (compatible; Googlebot/2.1; +http://www.google.com/bot.html)" www.rosenblumtv.com 162.215.248.74
66.249.72.163 - - [14/Sep/2026:08:15:26 -0500] "GET /?g=c1l5i3n6o9m3e1t5r0i9c34 HTTP/1.1" 200 51345 "-" "Mozilla/5.0 (Linux; Android 6.0.1; Nexus 5X Build/MMB29P) AppleWebKit/537.36 (KHTML, like Gecko) Chrome/152.0.7977.82 Mobile Safari/537.36 (compatible; Googlebot/2.1; +http://www.google.com/bot.html)" www.rosenblumtv.com 162.215.248.74
66.249.72.164 - - [14/Sep/2026:08:15:28 -0500] "GET /fasting/praise/a1m5e1r6i9c9a5n2a4038 HTTP/1.1" 404 4677 "-" "Mozilla/5.0 (Linux; Android 6.0.1; Nexus 5X Build/MMB29P) AppleWebKit/537.36 (KHTML, like Gecko) Chrome/152.0.7977.82 Mobile Safari/537.36 (compatible; GoogleOther)" www.rosenblumtv.com 162.215.248.74
66.249.72.162 - - [14/Sep/2026:08:15:28 -0500] "GET /?g=p0l6a1c6e1n6t9a27846 HTTP/1.1" 200 51720 "-" "Mozilla/5.0 (Linux; Android 6.0.1; Nexus 5X Build/MMB29P) AppleWebKit/537.36 (KHTML, like Gecko) Chrome/152.0.7977.82 Mobile Safari/537.36 (compatible; Googlebot/2.1; +http://www.google.com/bot.html)" www.rosenblumtv.com 162.215.248.74
66.249.72.162 - - [14/Sep/2026:08:15:29 -0500] "GET /?g=s1u2p4e0r0c6u8r2i8o1u5s9 HTTP/1.1" 200 53453 "-" "Mozilla/5.0 (Linux; Android 6.0.1; Nexus 5X Build/MMB29P) AppleWebKit/537.36 (KHTML, like Gecko) Chrome/152.0.7977.82 Mobile Safari/537.36 (compatible; Googlebot/2.1; +http://www.google.com/bot.html)" www.rosenblumtv.com 162.215.248.74
66.249.72.165 - - [14/Sep/2026:08:15:31 -0500] "GET /?numbers/093365812796 HTTP/1.1" 200 4828 "-" "Mozilla/5.0 (Linux; Android 6.0.1; Nexus 5X Build/MMB29P) AppleWebKit/537.36 (KHTML, like Gecko) Chrome/152.0.7977.82 Mobile Safari/537.36 (compatible; GoogleOther)" www.rosenblumtv.com 162.215.248.74
66.249.72.162 - - [14/Sep/2026:08:15:31 -0500] "GET /?g=s1p1a2n4g1l5e00072 HTTP/1.1" 200 50942 "-" "Mozilla/5.0 (Linux; Android 6.0.1; Nexus 5X Build/MMB29P) AppleWebKit/537.36 (KHTML, like Gecko) Chrome/152.0.7977.82 Mobile Safari/537.36 (compatible; Googlebot/2.1; +http://www.google.com/bot.html)" www.rosenblumtv.com 162.215.248.74
66.249.72.163 - - [14/Sep/2026:08:15:33 -0500] "GET /?g=h0o4s1t8e4s6s9s0h6i0p59 HTTP/1.1" 200 49260 "-" "Mozilla/5.0 (Linux; Android 6.0.1; Nexus 5X Build/MMB29P) AppleWebKit/537.36 (KHTML, like Gecko) Chrome/152.0.7977.82 Mobile Safari/537.36 (compatible; Googlebot/2.1; +http://www.google.com/bot.html)" www.rosenblumtv.com 162.215.248.74
66.249.72.165 - - [14/Sep/2026:08:15:35 -0500] "GET /?g=c0u9r2v6a2t2e482624 HTTP/1.1" 200 51941 "-" "Mozilla/5.0 (Linux; Android 6.0.1; Nexus 5X Build/MMB29P) AppleWebKit/537.36 (KHTML, like Gecko) Chrome/152.0.7977.82 Mobile Safari/537.36 (compatible; Googlebot/2.1; +http://www.google.com/bot.html)" www.rosenblumtv.com 162.215.248.74
66.249.72.162 - - [14/Sep/2026:08:15:37 -0500] "GET /?g=t0r3a1d5e6f8u9l524 HTTP/1.1" 200 55646 "-" "Mozilla/5.0 (Linux; Android 6.0.1; Nexus 5X Build/MMB29P) AppleWebKit/537.36 (KHTML, like Gecko) Chrome/152.0.7977.82 Mobile Safari/537.36 (compatible; Googlebot/2.1; +http://www.google.com/bot.html)" www.rosenblumtv.com 162.215.248.74
66.249.72.164 - - [14/Sep/2026:08:15:38 -0500] "GET /?g=f0u9l1l3b7l0o3o5m9e5d17 HTTP/1.1" 200 50249 "-" "Mozilla/5.0 (Linux; Android 6.0.1; Nexus 5X Build/MMB29P) AppleWebKit/537.36 (KHTML, like Gecko) Chrome/152.0.7977.82 Mobile Safari/537.36 (compatible; Googlebot/2.1; +http://www.google.com/bot.html)" www.rosenblumtv.com 162.215.248.74
66.249.72.163 - - [14/Sep/2026:08:15:40 -0500] "GET /?g=s1t8r4a1w6c2u6t5t8e7r20 HTTP/1.1" 200 61074 "-" "Mozilla/5.0 (Linux; Android 6.0.1; Nexus 5X Build/MMB29P) AppleWebKit/537.36 (KHTML, like Gecko) Chrome/152.0.7977.82 Mobile Safari/537.36 (compatible; Googlebot/2.1; +http://www.google.com/bot.html)" www.rosenblumtv.com 162.215.248.74
66.249.72.163 - - [14/Sep/2026:08:15:41 -0500] "GET /?g=a0s4t2r0o7g5o2n8i6u2m39 HTTP/1.1" 200 49626 "-" "Mozilla/5.0 (Linux; Android 6.0.1; Nexus 5X Build/MMB29P) AppleWebKit/537.36 (KHTML, like Gecko) Chrome/152.0.7977.82 Mobile Safari/537.36 (compatible; Googlebot/2.1; +http://www.google.com/bot.html)" www.rosenblumtv.com 162.215.248.74
66.249.72.165 - - [14/Sep/2026:08:15:43 -0500] "GET /?g=t0e2n2u9i7c5o7s6t5a4t8u7s HTTP/1.1" 200 55833 "-" "Mozilla/5.0 (Linux; Android 6.0.1; Nexus 5X Build/MMB29P) AppleWebKit/537.36 (KHTML, like Gecko) Chrome/152.0.7977.82 Mobile Safari/537.36 (compatible; Googlebot/2.1; +http://www.google.com/bot.html)" www.rosenblumtv.com 162.215.248.74
66.249.72.166 - - [14/Sep/2026:08:15:45 -0500] "GET /?g=a0s0t4h0e1n7i8c02496 HTTP/1.1" 200 52821 "-" "Mozilla/5.0 (Linux; Android 6.0.1; Nexus 5X Build/MMB29P) AppleWebKit/537.36 (KHTML, like Gecko) Chrome/152.0.7977.82 Mobile Safari/537.36 (compatible; Googlebot/2.1; +http://www.google.com/bot.html)" www.rosenblumtv.com 162.215.248.74
66.249.72.166 - - [14/Sep/2026:08:15:46 -0500] "GET /?g=h1e4a2d9s7t3o1c7k9758 HTTP/1.1" 200 51348 "-" "Mozilla/5.0 (Linux; Android 6.0.1; Nexus 5X Build/MMB29P) AppleWebKit/537.36 (KHTML, like Gecko) Chrome/152.0.7977.82 Mobile Safari/537.36 (compatible; Googlebot/2.1; +http://www.google.com/bot.html)" www.rosenblumtv.com 162.215.248.74
66.249.72.162 - - [14/Sep/2026:08:15:47 -0500] "GET /?g=b0a6s1o1m3m0a5t8o1p8h6o7ra HTTP/1.1" 200 57782 "-" "Mozilla/5.0 (Linux; Android 6.0.1; Nexus 5X Build/MMB29P) AppleWebKit/537.36 (KHTML, like Gecko) Chrome/152.0.7977.82 Mobile Safari/537.36 (compatible; Googlebot/2.1; +http://www.google.com/bot.html)" www.rosenblumtv.com 162.215.248.74
66.249.72.163 - - [14/Sep/2026:08:15:48 -0500] "GET /?g=r1a0r8i0f4i2c2a6t0i1o4n HTTP/1.1" 200 34387 "-" "Mozilla/5.0 (Linux; Android 6.0.1; Nexus 5X Build/MMB29P) AppleWebKit/537.36 (KHTML, like Gecko) Chrome/152.0.7977.82 Mobile Safari/537.36 (compatible; GoogleOther)" www.rosenblumtv.com 162.215.248.74
66.249.72.162 - - [14/Sep/2026:08:15:50 -0500] "GET /?g=b0e1l1a9b1o7r6e0d5796 HTTP/1.1" 200 59440 "-" "Mozilla/5.0 (Linux; Android 6.0.1; Nexus 5X Build/MMB29P) AppleWebKit/537.36 (KHTML, like Gecko) Chrome/152.0.7977.82 Mobile Safari/537.36 (compatible; Googlebot/2.1; +http://www.google.com/bot.html)" www.rosenblumtv.com 162.215.248.74
66.249.72.165 - - [14/Sep/2026:08:15:51 -0500] "GET /?g=p1e6r2i0a6s5t3r6a0l478 HTTP/1.1" 200 51917 "-" "Mozilla/5.0 (Linux; Android 6.0.1; Nexus 5X Build/MMB29P) AppleWebKit/537.36 (KHTML, like Gecko) Chrome/152.0.7977.82 Mobile Safari/537.36 (compatible; Googlebot/2.1; +http://www.google.com/bot.html)" www.rosenblumtv.com 162.215.248.74
66.249.72.166 - - [14/Sep/2026:08:15:53 -0500] "GET /?g=r0e5r3e2m4o8u8s3e0663 HTTP/1.1" 200 59714 "-" "Mozilla/5.0 (Linux; Android 6.0.1; Nexus 5X Build/MMB29P) AppleWebKit/537.36 (KHTML, like Gecko) Chrome/152.0.7977.82 Mobile Safari/537.36 (compatible; Googlebot/2.1; +http://www.google.com/bot.html)" www.rosenblumtv.com 162.215.248.74
66.249.72.165 - - [14/Sep/2026:08:15:54 -0500] "GET /?g=h1i1b2e3r1n2a0t2i2n1g32 HTTP/1.1" 200 49377 "-" "Mozilla/5.0 (Linux; Android 6.0.1; Nexus 5X Build/MMB29P) AppleWebKit/537.36 (KHTML, like Gecko) Chrome/152.0.7977.82 Mobile Safari/537.36 (compatible; Googlebot/2.1; +http://www.google.com/bot.html)" www.rosenblumtv.com 162.215.248.74
66.249.72.166 - - [14/Sep/2026:08:15:56 -0500] "GET /?g=c1o2m3p8e5n3d904875 HTTP/1.1" 200 53758 "-" "Mozilla/5.0 (Linux; Android 6.0.1; Nexus 5X Build/MMB29P) AppleWebKit/537.36 (KHTML, like Gecko) Chrome/152.0.7977.82 Mobile Safari/537.36 (compatible; Googlebot/2.1; +http://www.google.com/bot.html)" www.rosenblumtv.com 162.215.248.74
66.249.72.163 - - [14/Sep/2026:08:15:58 -0500] "GET /?g=i0n6c8r3e0d4i9b5l4e68 HTTP/1.1" 200 48607 "-" "Mozilla/5.0 (Linux; Android 6.0.1; Nexus 5X Build/MMB29P) AppleWebKit/537.36 (KHTML, like Gecko) Chrome/152.0.7977.82 Mobile Safari/537.36 (compatible; Googlebot/2.1; +http://www.google.com/bot.html)" www.rosenblumtv.com 162.215.248.74
66.249.72.165 - - [14/Sep/2026:08:15:59 -0500] "GET /?g=t1r4u2t1h86538370 HTTP/1.1" 200 50269 "-" "Mozilla/5.0 (Linux; Android 6.0.1; Nexus 5X Build/MMB29P) AppleWebKit/537.36 (KHTML, like Gecko) Chrome/152.0.7977.82 Mobile Safari/537.36 (compatible; Googlebot/2.1; +http://www.google.com/bot.html)" www.rosenblumtv.com 162.215.248.74
66.249.72.166 - - [14/Sep/2026:08:16:02 -0500] "GET /?g=i0n7d4i1c0u9m196761 HTTP/1.1" 200 52359 "-" "Mozilla/5.0 (Linux; Android 6.0.1; Nexus 5X Build/MMB29P) AppleWebKit/537.36 (KHTML, like Gecko) Chrome/152.0.7977.82 Mobile Safari/537.36 (compatible; Googlebot/2.1; +http://www.google.com/bot.html)" www.rosenblumtv.com 162.215.248.74
66.249.72.162 - - [14/Sep/2026:08:16:03 -0500] "GET /?g=d1i0s2q4u5a5l9i5f8y682 HTTP/1.1" 200 51061 "-" "Mozilla/5.0 (Linux; Android 6.0.1; Nexus 5X Build/MMB29P) AppleWebKit/537.36 (KHTML, like Gecko) Chrome/152.0.7977.82 Mobile Safari/537.36 (compatible; Googlebot/2.1; +http://www.google.com/bot.html)" www.rosenblumtv.com 162.215.248.74
66.249.72.166 - - [14/Sep/2026:08:16:05 -0500] "GET /?g=m0a4m1m6o9s3a982759 HTTP/1.1" 200 49932 "-" "Mozilla/5.0 (Linux; Android 6.0.1; Nexus 5X Build/MMB29P) AppleWebKit/537.36 (KHTML, like Gecko) Chrome/152.0.7977.82 Mobile Safari/537.36 (compatible; Googlebot/2.1; +http://www.google.com/bot.html)" www.rosenblumtv.com 162.215.248.74
66.249.72.162 - - [14/Sep/2026:08:16:07 -0500] "GET /?g=a0p5p2l2a1u2s6i2v7e3l7y4 HTTP/1.1" 200 50974 "-" "Mozilla/5.0 (Linux; Android 6.0.1; Nexus 5X Build/MMB29P) AppleWebKit/537.36 (KHTML, like Gecko) Chrome/152.0.7977.82 Mobile Safari/537.36 (compatible; Googlebot/2.1; +http://www.google.com/bot.html)" www.rosenblumtv.com 162.215.248.74
66.249.72.162 - - [14/Sep/2026:08:16:08 -0500] "GET /?g=p0l2e3n3i2l8u2n5a4r1y06 HTTP/1.1" 200 50555 "-" "Mozilla/5.0 (Linux; Android 6.0.1; Nexus 5X Build/MMB29P) AppleWebKit/537.36 (KHTML, like Gecko) Chrome/152.0.7977.82 Mobile Safari/537.36 (compatible; Googlebot/2.1; +http://www.google.com/bot.html)" www.rosenblumtv.com 162.215.248.74
66.249.72.162 - - [14/Sep/2026:08:16:10 -0500] "GET /?cadilesker/00870852875 HTTP/1.1" 200 52765 "-" "Mozilla/5.0 (Linux; Android 6.0.1; Nexus 5X Build/MMB29P) AppleWebKit/537.36 (KHTML, like Gecko) Chrome/152.0.7977.82 Mobile Safari/537.36 (compatible; Googlebot/2.1; +http://www.google.com/bot.html)" www.rosenblumtv.com 162.215.248.74
52.167.144.206 - - [14/Sep/2026:08:16:12 -0500] "GET /twiddle/mythologue/123945112489 HTTP/2.0" 404 4677 "-" "Mozilla/5.0 AppleWebKit/537.36 (KHTML, like Gecko; compatible; bingbot/2.0; +http://www.bing.com/bingbot.htm) Chrome/116.0.1938.76 Safari/537.36" www.rosenblumtv.com 162.215.248.74
66.249.72.164 - - [14/Sep/2026:08:16:12 -0500] "GET /?g=c1o5n1d4u9c5e1n4t319 HTTP/1.1" 200 51007 "-" "Mozilla/5.0 (Linux; Android 6.0.1; Nexus 5X Build/MMB29P) AppleWebKit/537.36 (KHTML, like Gecko) Chrome/152.0.7977.82 Mobile Safari/537.36 (compatible; Googlebot/2.1; +http://www.google.com/bot.html)" www.rosenblumtv.com 162.215.248.74
66.249.72.163 - - [14/Sep/2026:08:16:13 -0500] "GET /?g=r0o8c3h2e1l6l7e18005 HTTP/1.1" 200 52753 "-" "Mozilla/5.0 (Linux; Android 6.0.1; Nexus 5X Build/MMB29P) AppleWebKit/537.36 (KHTML, like Gecko) Chrome/152.0.7977.82 Mobile Safari/537.36 (compatible; Googlebot/2.1; +http://www.google.com/bot.html)" www.rosenblumtv.com 162.215.248.74
66.249.72.162 - - [14/Sep/2026:08:16:15 -0500] "GET /shops/lithophanic/c0a1t4a1d1i5o0p5t7r0i4c1al HTTP/1.1" 404 4677 "-" "Mozilla/5.0 (Linux; Android 6.0.1; Nexus 5X Build/MMB29P) AppleWebKit/537.36 (KHTML, like Gecko) Chrome/152.0.7977.82 Mobile Safari/537.36 (compatible; GoogleOther)" www.rosenblumtv.com 162.215.248.74
66.249.72.162 - - [14/Sep/2026:08:16:15 -0500] "GET /?g=a0t9l1a8n3t1i2c1u7s977 HTTP/1.1" 200 56558 "-" "Mozilla/5.0 (Linux; Android 6.0.1; Nexus 5X Build/MMB29P) AppleWebKit/537.36 (KHTML, like Gecko) Chrome/152.0.7977.82 Mobile Safari/537.36 (compatible; Googlebot/2.1; +http://www.google.com/bot.html)" www.rosenblumtv.com 162.215.248.74
66.249.72.163 - - [14/Sep/2026:08:16:16 -0500] "GET /?g=u1l1m1i8f3o1l8i1a1680 HTTP/1.1" 200 51337 "-" "Mozilla/5.0 (Linux; Android 6.0.1; Nexus 5X Build/MMB29P) AppleWebKit/537.36 (KHTML, like Gecko) Chrome/152.0.7977.82 Mobile Safari/537.36 (compatible; Googlebot/2.1; +http://www.google.com/bot.html)" www.rosenblumtv.com 162.215.248.74
66.249.72.164 - - [14/Sep/2026:08:16:18 -0500] "GET /?g=f1a3i2n3t6n3e6s7s5219 HTTP/1.1" 200 54798 "-" "Mozilla/5.0 (Linux; Android 6.0.1; Nexus 5X Build/MMB29P) AppleWebKit/537.36 (KHTML, like Gecko) Chrome/152.0.7977.82 Mobile Safari/537.36 (compatible; Googlebot/2.1; +http://www.google.com/bot.html)" www.rosenblumtv.com 162.215.248.74
66.249.72.162 - - [14/Sep/2026:08:16:20 -0500] "GET /?g=s0e6t1e2w2a0l0e19122 HTTP/1.1" 200 52588 "-" "Mozilla/5.0 (Linux; Android 6.0.1; Nexus 5X Build/MMB29P) AppleWebKit/537.36 (KHTML, like Gecko) Chrome/152.0.7977.82 Mobile Safari/537.36 (compatible; Googlebot/2.1; +http://www.google.com/bot.html)" www.rosenblumtv.com 162.215.248.74
66.249.72.163 - - [14/Sep/2026:08:16:22 -0500] "GET /?g=l1e6t3c1h64560301 HTTP/1.1" 200 52780 "-" "Mozilla/5.0 (Linux; Android 6.0.1; Nexus 5X Build/MMB29P) AppleWebKit/537.36 (KHTML, like Gecko) Chrome/152.0.7977.82 Mobile Safari/537.36 (compatible; Googlebot/2.1; +http://www.google.com/bot.html)" www.rosenblumtv.com 162.215.248.74
66.249.72.162 - - [14/Sep/2026:08:16:24 -0500] "GET /?g=c0a2l1l4i6n2g345270 HTTP/1.1" 200 51275 "-" "Mozilla/5.0 (Linux; Android 6.0.1; Nexus 5X Build/MMB29P) AppleWebKit/537.36 (KHTML, like Gecko) Chrome/152.0.7977.82 Mobile Safari/537.36 (compatible; Googlebot/2.1; +http://www.google.com/bot.html)" www.rosenblumtv.com 162.215.248.74
66.249.72.163 - - [14/Sep/2026:08:16:25 -0500] "GET /?g=p0y9r2i9t2o6h6e4d8r1o7n8 HTTP/1.1" 200 56637 "-" "Mozilla/5.0 (Linux; Android 6.0.1; Nexus 5X Build/MMB29P) AppleWebKit/537.36 (KHTML, like Gecko) Chrome/152.0.7977.82 Mobile Safari/537.36 (compatible; Googlebot/2.1; +http://www.google.com/bot.html)" www.rosenblumtv.com 162.215.248.74
66.249.72.163 - - [14/Sep/2026:08:16:27 -0500] "GET /?litterbug/033011277802 HTTP/1.1" 200 56608 "-" "Mozilla/5.0 (Linux; Android 6.0.1; Nexus 5X Build/MMB29P) AppleWebKit/537.36 (KHTML, like Gecko) Chrome/152.0.7977.82 Mobile Safari/537.36 (compatible; Googlebot/2.1; +http://www.google.com/bot.html)" www.rosenblumtv.com 162.215.248.74
66.249.72.162 - - [14/Sep/2026:08:16:28 -0500] "GET /?g=x0y6l1o7s5t6e8u1m9567 HTTP/1.1" 200 52830 "-" "Mozilla/5.0 (Linux; Android 6.0.1; Nexus 5X Build/MMB29P) AppleWebKit/537.36 (KHTML, like Gecko) Chrome/152.0.7977.82 Mobile Safari/537.36 (compatible; Googlebot/2.1; +http://www.google.com/bot.html)" www.rosenblumtv.com 162.215.248.74
66.249.72.163 - - [14/Sep/2026:08:16:30 -0500] "GET /?g=c1a5n2d0l2e6b9o2m6b347 HTTP/1.1" 200 52597 "-" "Mozilla/5.0 (Linux; Android 6.0.1; Nexus 5X Build/MMB29P) AppleWebKit/537.36 (KHTML, like Gecko) Chrome/152.0.7977.82 Mobile Safari/537.36 (compatible; Googlebot/2.1; +http://www.google.com/bot.html)" www.rosenblumtv.com 162.215.248.74
66.249.72.162 - - [14/Sep/2026:08:16:32 -0500] "GET /?g=a0s6p1h1y9x2i9a2t4e958 HTTP/1.1" 200 49363 "-" "Mozilla/5.0 (Linux; Android 6.0.1; Nexus 5X Build/MMB29P) AppleWebKit/537.36 (KHTML, like Gecko) Chrome/152.0.7977.82 Mobile Safari/537.36 (compatible; Googlebot/2.1; +http://www.google.com/bot.html)" www.rosenblumtv.com 162.215.248.74
66.249.72.164 - - [14/Sep/2026:08:16:33 -0500] "GET /?g=p1e3g1a7d3o5r002635 HTTP/1.1" 200 50334 "-" "Mozilla/5.0 (Linux; Android 6.0.1; Nexus 5X Build/MMB29P) AppleWebKit/537.36 (KHTML, like Gecko) Chrome/152.0.7977.82 Mobile Safari/537.36 (compatible; Googlebot/2.1; +http://www.google.com/bot.html)" www.rosenblumtv.com 162.215.248.74
66.249.72.164 - - [14/Sep/2026:08:16:35 -0500] "GET /?g=g0u2l2l1y4i5n0g01120 HTTP/1.1" 200 50374 "-" "Mozilla/5.0 (Linux; Android 6.0.1; Nexus 5X Build/MMB29P) AppleWebKit/537.36 (KHTML, like Gecko) Chrome/152.0.7977.82 Mobile Safari/537.36 (compatible; Googlebot/2.1; +http://www.google.com/bot.html)" www.rosenblumtv.com 162.215.248.74
66.249.72.162 - - [14/Sep/2026:08:16:37 -0500] "GET /?g=f0e4c2u3n3d5a5t0e5d135 HTTP/1.1" 200 50082 "-" "Mozilla/5.0 (Linux; Android 6.0.1; Nexus 5X Build/MMB29P) AppleWebKit/537.36 (KHTML, like Gecko) Chrome/152.0.7977.82 Mobile Safari/537.36 (compatible; Googlebot/2.1; +http://www.google.com/bot.html)" www.rosenblumtv.com 162.215.248.74
66.249.72.164 - - [14/Sep/2026:08:16:38 -0500] "GET /?g=m0e4n1t2i8o9n7a3b3l9e87 HTTP/1.1" 200 49575 "-" "Mozilla/5.0 (Linux; Android 6.0.1; Nexus 5X Build/MMB29P) AppleWebKit/537.36 (KHTML, like Gecko) Chrome/152.0.7977.82 Mobile Safari/537.36 (compatible; Googlebot/2.1; +http://www.google.com/bot.html)" www.rosenblumtv.com 162.215.248.74
66.249.72.164 - - [14/Sep/2026:08:16:40 -0500] "GET /?g=s1l9i1t9t9e4d660709 HTTP/1.1" 200 50598 "-" "Mozilla/5.0 (Linux; Android 6.0.1; Nexus 5X Build/MMB29P) AppleWebKit/537.36 (KHTML, like Gecko) Chrome/152.0.7977.82 Mobile Safari/537.36 (compatible; Googlebot/2.1; +http://www.google.com/bot.html)" www.rosenblumtv.com 162.215.248.74
66.249.72.162 - - [14/Sep/2026:08:16:42 -0500] "GET /?g=h0e4a2d7s4t4o7c7k9274 HTTP/1.1" 200 50191 "-" "Mozilla/5.0 (Linux; Android 6.0.1; Nexus 5X Build/MMB29P) AppleWebKit/537.36 (KHTML, like Gecko) Chrome/152.0.7977.82 Mobile Safari/537.36 (compatible; Googlebot/2.1; +http://www.google.com/bot.html)" www.rosenblumtv.com 162.215.248.74
66.249.72.162 - - [14/Sep/2026:08:16:43 -0500] "GET /?g=s0u3s2t2a1i5n2e3r3391 HTTP/1.1" 200 49983 "-" "Mozilla/5.0 (Linux; Android 6.0.1; Nexus 5X Build/MMB29P) AppleWebKit/537.36 (KHTML, like Gecko) Chrome/152.0.7977.82 Mobile Safari/537.36 (compatible; Googlebot/2.1; +http://www.google.com/bot.html)" www.rosenblumtv.com 162.215.248.74
66.249.72.164 - - [14/Sep/2026:08:16:44 -0500] "GET /?g=t0r2a3v9e3s9t6i9e9s007 HTTP/1.1" 200 50074 "-" "Mozilla/5.0 (Linux; Android 6.0.1; Nexus 5X Build/MMB29P) AppleWebKit/537.36 (KHTML, like Gecko) Chrome/152.0.7977.82 Mobile Safari/537.36 (compatible; Googlebot/2.1; +http://www.google.com/bot.html)" www.rosenblumtv.com 162.215.248.74
66.249.72.163 - - [14/Sep/2026:08:16:46 -0500] "GET /?g=e0s2s6e6n4t4i9a7l8n1e6ss HTTP/1.1" 200 51093 "-" "Mozilla/5.0 (Linux; Android 6.0.1; Nexus 5X Build/MMB29P) AppleWebKit/537.36 (KHTML, like Gecko) Chrome/152.0.7977.82 Mobile Safari/537.36 (compatible; Googlebot/2.1; +http://www.google.com/bot.html)" www.rosenblumtv.com 162.215.248.74
66.249.72.164 - - [14/Sep/2026:08:16:47 -0500] "GET /?g=e1l7a3i1n28285910 HTTP/1.1" 200 53074 "-" "Mozilla/5.0 (Linux; Android 6.0.1; Nexus 5X Build/MMB29P) AppleWebKit/537.36 (KHTML, like Gecko) Chrome/152.0.7977.82 Mobile Safari/537.36 (compatible; Googlebot/2.1; +http://www.google.com/bot.html)" www.rosenblumtv.com 162.215.248.74
66.249.72.165 - - [14/Sep/2026:08:16:49 -0500] "GET /?resuscitable/183487952702 HTTP/1.1" 200 50516 "-" "Mozilla/5.0 (Linux; Android 6.0.1; Nexus 5X Build/MMB29P) AppleWebKit/537.36 (KHTML, like Gecko) Chrome/152.0.7977.82 Mobile Safari/537.36 (compatible; Googlebot/2.1; +http://www.google.com/bot.html)" www.rosenblumtv.com 162.215.248.74
66.249.72.162 - - [14/Sep/2026:08:16:50 -0500] "GET /?g=n1o7n1i2n1t4e6r0v4e3n4t2ion HTTP/1.1" 200 53861 "-" "Mozilla/5.0 (Linux; Android 6.0.1; Nexus 5X Build/MMB29P) AppleWebKit/537.36 (KHTML, like Gecko) Chrome/152.0.7977.82 Mobile Safari/537.36 (compatible; Googlebot/2.1; +http://www.google.com/bot.html)" www.rosenblumtv.com 162.215.248.74
66.249.72.163 - - [14/Sep/2026:08:16:52 -0500] "GET /?g=i1m1p3a1n6e6l8l1e9d648 HTTP/1.1" 200 54087 "-" "Mozilla/5.0 (Linux; Android 6.0.1; Nexus 5X Build/MMB29P) AppleWebKit/537.36 (KHTML, like Gecko) Chrome/152.0.7977.82 Mobile Safari/537.36 (compatible; Googlebot/2.1; +http://www.google.com/bot.html)" www.rosenblumtv.com 162.215.248.74
66.249.72.164 - - [14/Sep/2026:08:16:53 -0500] "GET /?g=t1r1a3i2t5o2r8o6u0s7n9e6ss HTTP/1.1" 200 51123 "-" "Mozilla/5.0 (Linux; Android 6.0.1; Nexus 5X Build/MMB29P) AppleWebKit/537.36 (KHTML, like Gecko) Chrome/152.0.7977.82 Mobile Safari/537.36 (compatible; Googlebot/2.1; +http://www.google.com/bot.html)" www.rosenblumtv.com 162.215.248.74
162.215.248.74 - - [14/Sep/2026:08:16:55 -0500] "POST /wp-cron.php?doing_wp_cron=1789391815.5788729190826416015625 HTTP/1.1" 200 - "-" "WordPress/7.0.4; https://www.rosenblumtv.com" www.rosenblumtv.com 162.215.248.74
66.249.72.164 - - [14/Sep/2026:08:16:55 -0500] "GET /?g=d1i7f3f7u7s7a013485 HTTP/1.1" 200 34386 "-" "Mozilla/5.0 (Linux; Android 6.0.1; Nexus 5X Build/MMB29P) AppleWebKit/537.36 (KHTML, like Gecko) Chrome/152.0.7977.82 Mobile Safari/537.36 (compatible; GoogleOther)" www.rosenblumtv.com 162.215.248.74
66.249.72.164 - - [14/Sep/2026:08:16:56 -0500] "GET /?g=r1o0s1t6e7l4l0a5r5i4a1 HTTP/1.1" 200 50744 "-" "Mozilla/5.0 (Linux; Android 6.0.1; Nexus 5X Build/MMB29P) AppleWebKit/537.36 (KHTML, like Gecko) Chrome/152.0.7977.82 Mobile Safari/537.36 (compatible; Googlebot/2.1; +http://www.google.com/bot.html)" www.rosenblumtv.com 162.215.248.74
66.249.72.166 - - [14/Sep/2026:08:16:58 -0500] "GET /?g=r1o2u9e1t5958156 HTTP/1.1" 200 50149 "-" "Mozilla/5.0 (Linux; Android 6.0.1; Nexus 5X Build/MMB29P) AppleWebKit/537.36 (KHTML, like Gecko) Chrome/152.0.7977.82 Mobile Safari/537.36 (compatible; Googlebot/2.1; +http://www.google.com/bot.html)" www.rosenblumtv.com 162.215.248.74
66.249.72.162 - - [14/Sep/2026:08:16:59 -0500] "GET /?g=u1n6e2n1t9a5n7g1l5e930 HTTP/1.1" 200 53189 "-" "Mozilla/5.0 (Linux; Android 6.0.1; Nexus 5X Build/MMB29P) AppleWebKit/537.36 (KHTML, like Gecko) Chrome/152.0.7977.82 Mobile Safari/537.36 (compatible; Googlebot/2.1; +http://www.google.com/bot.html)" www.rosenblumtv.com 162.215.248.74
66.249.72.164 - - [14/Sep/2026:08:17:00 -0500] "GET /?g=p1r6o2s5o8b9r5a8n4c9h22 HTTP/1.1" 200 54273 "-" "Mozilla/5.0 (Linux; Android 6.0.1; Nexus 5X Build/MMB29P) AppleWebKit/537.36 (KHTML, like Gecko) Chrome/152.0.7977.82 Mobile Safari/537.36 (compatible; Googlebot/2.1; +http://www.google.com/bot.html)" www.rosenblumtv.com 162.215.248.74
66.249.72.164 - - [14/Sep/2026:08:17:01 -0500] "GET /?g=s0i4n3t9u48876567 HTTP/1.1" 200 51068 "-" "Mozilla/5.0 (Linux; Android 6.0.1; Nexus 5X Build/MMB29P) AppleWebKit/537.36 (KHTML, like Gecko) Chrome/152.0.7977.82 Mobile Safari/537.36 (compatible; Googlebot/2.1; +http://www.google.com/bot.html)" www.rosenblumtv.com 162.215.248.74
66.249.72.165 - - [14/Sep/2026:08:17:02 -0500] "GET /?g=j1u1d1a4i4z5e5r9s7365 HTTP/1.1" 200 50733 "-" "Mozilla/5.0 (Linux; Android 6.0.1; Nexus 5X Build/MMB29P) AppleWebKit/537.36 (KHTML, like Gecko) Chrome/152.0.7977.82 Mobile Safari/537.36 (compatible; Googlebot/2.1; +http://www.google.com/bot.html)" www.rosenblumtv.com 162.215.248.74
66.249.72.164 - - [14/Sep/2026:08:17:03 -0500] "GET /?g=j0a4r4r2i8n1g292148 HTTP/1.1" 200 53686 "-" "Mozilla/5.0 (Linux; Android 6.0.1; Nexus 5X Build/MMB29P) AppleWebKit/537.36 (KHTML, like Gecko) Chrome/152.0.7977.82 Mobile Safari/537.36 (compatible; Googlebot/2.1; +http://www.google.com/bot.html)" www.rosenblumtv.com 162.215.248.74
66.249.72.163 - - [14/Sep/2026:08:17:04 -0500] "GET /?g=i0s7o4m8o8r8p1h3i0c51 HTTP/1.1" 200 50722 "-" "Mozilla/5.0 (Linux; Android 6.0.1; Nexus 5X Build/MMB29P) AppleWebKit/537.36 (KHTML, like Gecko) Chrome/152.0.7977.82 Mobile Safari/537.36 (compatible; Googlebot/2.1; +http://www.google.com/bot.html)" www.rosenblumtv.com 162.215.248.74
66.249.72.162 - - [14/Sep/2026:08:17:07 -0500] "GET /?g=h1o4r9e2h6o9u6n6d227 HTTP/1.1" 200 53036 "-" "Mozilla/5.0 (Linux; Android 6.0.1; Nexus 5X Build/MMB29P) AppleWebKit/537.36 (KHTML, like Gecko) Chrome/152.0.7977.82 Mobile Safari/537.36 (compatible; Googlebot/2.1; +http://www.google.com/bot.html)" www.rosenblumtv.com 162.215.248.74
66.249.72.163 - - [14/Sep/2026:08:17:08 -0500] "GET /?g=m0i4s3g6r7a7c5i5o9u8s40 HTTP/1.1" 200 53670 "-" "Mozilla/5.0 (Linux; Android 6.0.1; Nexus 5X Build/MMB29P) AppleWebKit/537.36 (KHTML, like Gecko) Chrome/152.0.7977.82 Mobile Safari/537.36 (compatible; Googlebot/2.1; +http://www.google.com/bot.html)" www.rosenblumtv.com 162.215.248.74
66.249.72.162 - - [14/Sep/2026:08:17:09 -0500] "GET /?g=f1o2l1i7o1s9i4t3y1797 HTTP/1.1" 200 55179 "-" "Mozilla/5.0 (Linux; Android 6.0.1; Nexus 5X Build/MMB29P) AppleWebKit/537.36 (KHTML, like Gecko) Chrome/152.0.7977.82 Mobile Safari/537.36 (compatible; Googlebot/2.1; +http://www.google.com/bot.html)" www.rosenblumtv.com 162.215.248.74
66.249.72.163 - - [14/Sep/2026:08:17:11 -0500] "GET /?sacristies/071593420813 HTTP/1.1" 200 48801 "-" "Mozilla/5.0 (Linux; Android 6.0.1; Nexus 5X Build/MMB29P) AppleWebKit/537.36 (KHTML, like Gecko) Chrome/152.0.7977.82 Mobile Safari/537.36 (compatible; Googlebot/2.1; +http://www.google.com/bot.html)" www.rosenblumtv.com 162.215.248.74
52.167.144.206 - - [14/Sep/2026:08:17:12 -0500] "GET /coelenterata/lukewarm/061807875445 HTTP/2.0" 404 4677 "-" "Mozilla/5.0 AppleWebKit/537.36 (KHTML, like Gecko; compatible; bingbot/2.0; +http://www.bing.com/bingbot.htm) Chrome/116.0.1938.76 Safari/537.36" www.rosenblumtv.com 162.215.248.74
66.249.72.163 - - [14/Sep/2026:08:17:12 -0500] "GET /?g=g0a9i7r0d5n1e3r8i205 HTTP/1.1" 200 58765 "-" "Mozilla/5.0 (Linux; Android 6.0.1; Nexus 5X Build/MMB29P) AppleWebKit/537.36 (KHTML, like Gecko) Chrome/152.0.7977.82 Mobile Safari/537.36 (compatible; Googlebot/2.1; +http://www.google.com/bot.html)" www.rosenblumtv.com 162.215.248.74
66.249.72.162 - - [14/Sep/2026:08:17:13 -0500] "GET /?g=d0r8e7a0m2t375475 HTTP/1.1" 200 51315 "-" "Mozilla/5.0 (Linux; Android 6.0.1; Nexus 5X Build/MMB29P) AppleWebKit/537.36 (KHTML, like Gecko) Chrome/152.0.7977.82 Mobile Safari/537.36 (compatible; Googlebot/2.1; +http://www.google.com/bot.html)" www.rosenblumtv.com 162.215.248.74
66.249.72.163 - - [14/Sep/2026:08:17:14 -0500] "GET /?g=e0x4t1r0a6p0o1l3a7t5e78 HTTP/1.1" 200 52801 "-" "Mozilla/5.0 (Linux; Android 6.0.1; Nexus 5X Build/MMB29P) AppleWebKit/537.36 (KHTML, like Gecko) Chrome/152.0.7977.82 Mobile Safari/537.36 (compatible; Googlebot/2.1; +http://www.google.com/bot.html)" www.rosenblumtv.com 162.215.248.74
66.249.72.163 - - [14/Sep/2026:08:17:16 -0500] "GET /?g=d0r5a2w3i2n4g194711 HTTP/1.1" 200 55103 "-" "Mozilla/5.0 (Linux; Android 6.0.1; Nexus 5X Build/MMB29P) AppleWebKit/537.36 (KHTML, like Gecko) Chrome/152.0.7977.82 Mobile Safari/537.36 (compatible; Googlebot/2.1; +http://www.google.com/bot.html)" www.rosenblumtv.com 162.215.248.74
66.249.72.162 - - [14/Sep/2026:08:17:17 -0500] "GET /?g=p1i8a4n0i9s8s2i5m7o456 HTTP/1.1" 200 51026 "-" "Mozilla/5.0 (Linux; Android 6.0.1; Nexus 5X Build/MMB29P) AppleWebKit/537.36 (KHTML, like Gecko) Chrome/152.0.7977.82 Mobile Safari/537.36 (compatible; Googlebot/2.1; +http://www.google.com/bot.html)" www.rosenblumtv.com 162.215.248.74
66.249.72.163 - - [14/Sep/2026:08:17:18 -0500] "GET /?g=h0e6t4e1r0o3d9o8x9561 HTTP/1.1" 200 51586 "-" "Mozilla/5.0 (Linux; Android 6.0.1; Nexus 5X Build/MMB29P) AppleWebKit/537.36 (KHTML, like Gecko) Chrome/152.0.7977.82 Mobile Safari/537.36 (compatible; Googlebot/2.1; +http://www.google.com/bot.html)" www.rosenblumtv.com 162.215.248.74
66.249.72.163 - - [14/Sep/2026:08:17:19 -0500] "GET /?g=u0n1h3o7o1k1497061 HTTP/1.1" 200 57037 "-" "Mozilla/5.0 (Linux; Android 6.0.1; Nexus 5X Build/MMB29P) AppleWebKit/537.36 (KHTML, like Gecko) Chrome/152.0.7977.82 Mobile Safari/537.36 (compatible; Googlebot/2.1; +http://www.google.com/bot.html)" www.rosenblumtv.com 162.215.248.74
66.249.72.162 - - [14/Sep/2026:08:17:21 -0500] "GET /?g=s0e2p1t7u1l4a49136 HTTP/1.1" 200 52252 "-" "Mozilla/5.0 (Linux; Android 6.0.1; Nexus 5X Build/MMB29P) AppleWebKit/537.36 (KHTML, like Gecko) Chrome/152.0.7977.82 Mobile Safari/537.36 (compatible; Googlebot/2.1; +http://www.google.com/bot.html)" www.rosenblumtv.com 162.215.248.74
66.249.72.162 - - [14/Sep/2026:08:17:22 -0500] "GET /?g=p0o0r1t5i0o6n9e6d7298 HTTP/1.1" 200 55993 "-" "Mozilla/5.0 (Linux; Android 6.0.1; Nexus 5X Build/MMB29P) AppleWebKit/537.36 (KHTML, like Gecko) Chrome/152.0.7977.82 Mobile Safari/537.36 (compatible; Googlebot/2.1; +http://www.google.com/bot.html)" www.rosenblumtv.com 162.215.248.74
52.167.144.206 - - [14/Sep/2026:08:17:22 -0500] "GET /beachlike/pulvinaria/063728911492 HTTP/2.0" 404 4677 "-" "Mozilla/5.0 AppleWebKit/537.36 (KHTML, like Gecko; compatible; bingbot/2.0; +http://www.bing.com/bingbot.htm) Chrome/116.0.1938.76 Safari/537.36" www.rosenblumtv.com 162.215.248.74
66.249.72.164 - - [14/Sep/2026:08:17:23 -0500] "GET /?g=g0e2o6m6e1t4r5i2c4i0an HTTP/1.1" 200 50551 "-" "Mozilla/5.0 (Linux; Android 6.0.1; Nexus 5X Build/MMB29P) AppleWebKit/537.36 (KHTML, like Gecko) Chrome/152.0.7977.82 Mobile Safari/537.36 (compatible; Googlebot/2.1; +http://www.google.com/bot.html)" www.rosenblumtv.com 162.215.248.74
66.249.72.162 - - [14/Sep/2026:08:17:24 -0500] "GET /?g=p0r3a1t4i3n7o3c1o6l1a05 HTTP/1.1" 200 58448 "-" "Mozilla/5.0 (Linux; Android 6.0.1; Nexus 5X Build/MMB29P) AppleWebKit/537.36 (KHTML, like Gecko) Chrome/152.0.7977.82 Mobile Safari/537.36 (compatible; Googlebot/2.1; +http://www.google.com/bot.html)" www.rosenblumtv.com 162.215.248.74
66.249.72.162 - - [14/Sep/2026:08:17:26 -0500] "GET /?jaconet/133964982307 HTTP/1.1" 200 53983 "-" "Mozilla/5.0 (Linux; Android 6.0.1; Nexus 5X Build/MMB29P) AppleWebKit/537.36 (KHTML, like Gecko) Chrome/152.0.7977.82 Mobile Safari/537.36 (compatible; Googlebot/2.1; +http://www.google.com/bot.html)" www.rosenblumtv.com 162.215.248.74
66.249.72.163 - - [14/Sep/2026:08:17:27 -0500] "GET /?g=m1o6t2o2r8d3r1i7v4e8n51 HTTP/1.1" 200 57160 "-" "Mozilla/5.0 (Linux; Android 6.0.1; Nexus 5X Build/MMB29P) AppleWebKit/537.36 (KHTML, like Gecko) Chrome/152.0.7977.82 Mobile Safari/537.36 (compatible; Googlebot/2.1; +http://www.google.com/bot.html)" www.rosenblumtv.com 162.215.248.74
3.237.190.87 - - [14/Sep/2026:08:17:29 -0500] "GET /2007/04/moores-law-iran-the-internet/ HTTP/1.1" 404 4677 "-" "Mozilla/5.0 (Macintosh; Intel Mac OS X 10_15_7) AppleWebKit/537.36 (KHTML, like Gecko) Chrome/142.0.0.0 Safari/537.36" www.rosenblumtv.com 162.215.248.74
66.249.72.162 - - [14/Sep/2026:08:17:28 -0500] "GET /?g=r1e8c3r9e3a7n9c8e9290 HTTP/1.1" 200 55177 "-" "Mozilla/5.0 (Linux; Android 6.0.1; Nexus 5X Build/MMB29P) AppleWebKit/537.36 (KHTML, like Gecko) Chrome/152.0.7977.82 Mobile Safari/537.36 (compatible; Googlebot/2.1; +http://www.google.com/bot.html)" www.rosenblumtv.com 162.215.248.74
66.249.72.163 - - [14/Sep/2026:08:17:31 -0500] "GET /?g=s1i9m4o1u8s4090154 HTTP/1.1" 200 55335 "-" "Mozilla/5.0 (Linux; Android 6.0.1; Nexus 5X Build/MMB29P) AppleWebKit/537.36 (KHTML, like Gecko) Chrome/152.0.7977.82 Mobile Safari/537.36 (compatible; Googlebot/2.1; +http://www.google.com/bot.html)" www.rosenblumtv.com 162.215.248.74
66.249.72.162 - - [14/Sep/2026:08:17:32 -0500] "GET /?g=c1e0t3i0c3967043 HTTP/1.1" 200 54128 "-" "Mozilla/5.0 (Linux; Android 6.0.1; Nexus 5X Build/MMB29P) AppleWebKit/537.36 (KHTML, like Gecko) Chrome/152.0.7977.82 Mobile Safari/537.36 (compatible; Googlebot/2.1; +http://www.google.com/bot.html)" www.rosenblumtv.com 162.215.248.74
66.249.72.162 - - [14/Sep/2026:08:17:34 -0500] "GET /?g=s1e2p4t5u8l5a69844 HTTP/1.1" 200 55256 "-" "Mozilla/5.0 (Linux; Android 6.0.1; Nexus 5X Build/MMB29P) AppleWebKit/537.36 (KHTML, like Gecko) Chrome/152.0.7977.82 Mobile Safari/537.36 (compatible; Googlebot/2.1; +http://www.google.com/bot.html)" www.rosenblumtv.com 162.215.248.74
66.249.72.162 - - [14/Sep/2026:08:17:36 -0500] "GET /?g=c0i0r2c0u6m5g1y8r7e914 HTTP/1.1" 200 54794 "-" "Mozilla/5.0 (Linux; Android 6.0.1; Nexus 5X Build/MMB29P) AppleWebKit/537.36 (KHTML, like Gecko) Chrome/152.0.7977.82 Mobile Safari/537.36 (compatible; Googlebot/2.1; +http://www.google.com/bot.html)" www.rosenblumtv.com 162.215.248.74
66.249.72.162 - - [14/Sep/2026:08:17:37 -0500] "GET /?madras/09936701146 HTTP/1.1" 200 57990 "-" "Mozilla/5.0 (Linux; Android 6.0.1; Nexus 5X Build/MMB29P) AppleWebKit/537.36 (KHTML, like Gecko) Chrome/152.0.7977.82 Mobile Safari/537.36 (compatible; Googlebot/2.1; +http://www.google.com/bot.html)" www.rosenblumtv.com 162.215.248.74
66.249.72.162 - - [14/Sep/2026:08:17:39 -0500] "GET /?g=c0l8y1c4e3r6o1l0e4006 HTTP/1.1" 200 57319 "-" "Mozilla/5.0 (Linux; Android 6.0.1; Nexus 5X Build/MMB29P) AppleWebKit/537.36 (KHTML, like Gecko) Chrome/152.0.7977.82 Mobile Safari/537.36 (compatible; Googlebot/2.1; +http://www.google.com/bot.html)" www.rosenblumtv.com 162.215.248.74
66.249.72.162 - - [14/Sep/2026:08:17:40 -0500] "GET /?g=a0m7e3n6o7r5r6h2o5e5a47 HTTP/1.1" 200 54992 "-" "Mozilla/5.0 (Linux; Android 6.0.1; Nexus 5X Build/MMB29P) AppleWebKit/537.36 (KHTML, like Gecko) Chrome/152.0.7977.82 Mobile Safari/537.36 (compatible; Googlebot/2.1; +http://www.google.com/bot.html)" www.rosenblumtv.com 162.215.248.74
66.249.72.163 - - [14/Sep/2026:08:17:42 -0500] "GET /?g=a1n1i3m6a6d4v8e4r2t036 HTTP/1.1" 200 53581 "-" "Mozilla/5.0 (Linux; Android 6.0.1; Nexus 5X Build/MMB29P) AppleWebKit/537.36 (KHTML, like Gecko) Chrome/152.0.7977.82 Mobile Safari/537.36 (compatible; Googlebot/2.1; +http://www.google.com/bot.html)" www.rosenblumtv.com 162.215.248.74
66.249.72.162 - - [14/Sep/2026:08:17:43 -0500] "GET /?g=p1o6l2y5h5e5d3r5a3472 HTTP/1.1" 200 55426 "-" "Mozilla/5.0 (Linux; Android 6.0.1; Nexus 5X Build/MMB29P) AppleWebKit/537.36 (KHTML, like Gecko) Chrome/152.0.7977.82 Mobile Safari/537.36 (compatible; Googlebot/2.1; +http://www.google.com/bot.html)" www.rosenblumtv.com 162.215.248.74
66.249.72.162 - - [14/Sep/2026:08:17:45 -0500] "GET /?g=s0e4r1m3o1c9i3n0a7t9i1o5n HTTP/1.1" 200 52720 "-" "Mozilla/5.0 (Linux; Android 6.0.1; Nexus 5X Build/MMB29P) AppleWebKit/537.36 (KHTML, like Gecko) Chrome/152.0.7977.82 Mobile Safari/537.36 (compatible; Googlebot/2.1; +http://www.google.com/bot.html)" www.rosenblumtv.com 162.215.248.74
66.249.72.163 - - [14/Sep/2026:08:17:46 -0500] "GET /?g=d1e3n1a8t7u9r3a3l5i1z8e8d HTTP/1.1" 200 34387 "-" "Mozilla/5.0 (Linux; Android 6.0.1; Nexus 5X Build/MMB29P) AppleWebKit/537.36 (KHTML, like Gecko) Chrome/152.0.7977.82 Mobile Safari/537.36 (compatible; GoogleOther)" www.rosenblumtv.com 162.215.248.74
220.181.108.110 - - [14/Sep/2026:08:17:42 -0500] "GET /wp-content/uploads/2015/04/800px-Headline_of_the_New_York_Times_June-29-1914.jpg HTTP/2.0" 200 195135 "-" "Baiduspider-image+(+http://www.baidu.com/search/spider.htm)" www.rosenblumtv.com 162.215.248.74
66.249.72.162 - - [14/Sep/2026:08:17:47 -0500] "GET /?g=o1p8a1l5o4t2y4p5e4888 HTTP/1.1" 200 52609 "-" "Mozilla/5.0 (Linux; Android 6.0.1; Nexus 5X Build/MMB29P) AppleWebKit/537.36 (KHTML, like Gecko) Chrome/152.0.7977.82 Mobile Safari/537.36 (compatible; Googlebot/2.1; +http://www.google.com/bot.html)" www.rosenblumtv.com 162.215.248.74
66.249.72.163 - - [14/Sep/2026:08:17:48 -0500] "GET /?g=l0i0m1n1o3d7r9o8m8u6s73 HTTP/1.1" 200 54552 "-" "Mozilla/5.0 (Linux; Android 6.0.1; Nexus 5X Build/MMB29P) AppleWebKit/537.36 (KHTML, like Gecko) Chrome/152.0.7977.82 Mobile Safari/537.36 (compatible; Googlebot/2.1; +http://www.google.com/bot.html)" www.rosenblumtv.com 162.215.248.74
66.249.72.162 - - [14/Sep/2026:08:17:50 -0500] "GET /?g=i0l4l4u0s6i6o0n2a2r2y23 HTTP/1.1" 200 49924 "-" "Mozilla/5.0 (Linux; Android 6.0.1; Nexus 5X Build/MMB29P) AppleWebKit/537.36 (KHTML, like Gecko) Chrome/152.0.7977.82 Mobile Safari/537.36 (compatible; Googlebot/2.1; +http://www.google.com/bot.html)" www.rosenblumtv.com 162.215.248.74
66.249.72.163 - - [14/Sep/2026:08:17:51 -0500] "GET /?g=d1e6m7i9t3t1e1d4145 HTTP/1.1" 200 53444 "-" "Mozilla/5.0 (Linux; Android 6.0.1; Nexus 5X Build/MMB29P) AppleWebKit/537.36 (KHTML, like Gecko) Chrome/152.0.7977.82 Mobile Safari/537.36 (compatible; Googlebot/2.1; +http://www.google.com/bot.html)" www.rosenblumtv.com 162.215.248.74
66.249.72.163 - - [14/Sep/2026:08:17:52 -0500] "GET /?g=i1n6s2t5r2u9c3t6i9v9e5ly HTTP/1.1" 200 50090 "-" "Mozilla/5.0 (Linux; Android 6.0.1; Nexus 5X Build/MMB29P) AppleWebKit/537.36 (KHTML, like Gecko) Chrome/152.0.7977.82 Mobile Safari/537.36 (compatible; Googlebot/2.1; +http://www.google.com/bot.html)" www.rosenblumtv.com 162.215.248.74
66.249.72.162 - - [14/Sep/2026:08:17:54 -0500] "GET /?g=s1p6r2e9a1d2e4r37508 HTTP/1.1" 200 54228 "-" "Mozilla/5.0 (Linux; Android 6.0.1; Nexus 5X Build/MMB29P) AppleWebKit/537.36 (KHTML, like Gecko) Chrome/152.0.7977.82 Mobile Safari/537.36 (compatible; Googlebot/2.1; +http://www.google.com/bot.html)" www.rosenblumtv.com 162.215.248.74
66.249.72.162 - - [14/Sep/2026:08:17:55 -0500] "GET /?g=l1a4m5e1l0l7i4c7o8r6n8ia HTTP/1.1" 200 56413 "-" "Mozilla/5.0 (Linux; Android 6.0.1; Nexus 5X Build/MMB29P) AppleWebKit/537.36 (KHTML, like Gecko) Chrome/152.0.7977.82 Mobile Safari/537.36 (compatible; Googlebot/2.1; +http://www.google.com/bot.html)" www.rosenblumtv.com 162.215.248.74
66.249.72.162 - - [14/Sep/2026:08:17:56 -0500] "GET /?g=s0u1p1r9a4c2r3a1n0i1a5l3 HTTP/1.1" 200 52262 "-" "Mozilla/5.0 (Linux; Android 6.0.1; Nexus 5X Build/MMB29P) AppleWebKit/537.36 (KHTML, like Gecko) Chrome/152.0.7977.82 Mobile Safari/537.36 (compatible; Googlebot/2.1; +http://www.google.com/bot.html)" www.rosenblumtv.com 162.215.248.74
66.249.72.163 - - [14/Sep/2026:08:17:57 -0500] "GET /wp-content/uploads/2013/04/ROG-PC-laptop-300x300.jpg HTTP/1.1" 200 13601 "-" "Googlebot-Image/1.0" www.rosenblumtv.com 162.215.248.74
66.249.72.162 - - [14/Sep/2026:08:17:58 -0500] "GET /?g=n1e0b3u6l6i5z3e3r1941 HTTP/1.1" 200 54409 "-" "Mozilla/5.0 (Linux; Android 6.0.1; Nexus 5X Build/MMB29P) AppleWebKit/537.36 (KHTML, like Gecko) Chrome/152.0.7977.82 Mobile Safari/537.36 (compatible; Googlebot/2.1; +http://www.google.com/bot.html)" www.rosenblumtv.com 162.215.248.74
66.249.72.162 - - [14/Sep/2026:08:17:59 -0500] "GET /?g=c0a5n1i3n5a9l212616 HTTP/1.1" 200 53075 "-" "Mozilla/5.0 (Linux; Android 6.0.1; Nexus 5X Build/MMB29P) AppleWebKit/537.36 (KHTML, like Gecko) Chrome/152.0.7977.82 Mobile Safari/537.36 (compatible; Googlebot/2.1; +http://www.google.com/bot.html)" www.rosenblumtv.com 162.215.248.74
66.249.72.164 - - [14/Sep/2026:08:18:00 -0500] "GET /?g=c0o1n3d8o1t2t6i8e7r3e31 HTTP/1.1" 200 55286 "-" "Mozilla/5.0 (Linux; Android 6.0.1; Nexus 5X Build/MMB29P) AppleWebKit/537.36 (KHTML, like Gecko) Chrome/152.0.7977.82 Mobile Safari/537.36 (compatible; Googlebot/2.1; +http://www.google.com/bot.html)" www.rosenblumtv.com 162.215.248.74
66.249.72.162 - - [14/Sep/2026:08:18:01 -0500] "GET /?g=n0a4r2w9h5a7l2e0815 HTTP/1.1" 200 51928 "-" "Mozilla/5.0 (Linux; Android 6.0.1; Nexus 5X Build/MMB29P) AppleWebKit/537.36 (KHTML, like Gecko) Chrome/152.0.7977.82 Mobile Safari/537.36 (compatible; Googlebot/2.1; +http://www.google.com/bot.html)" www.rosenblumtv.com 162.215.248.74
66.249.72.162 - - [14/Sep/2026:08:18:03 -0500] "GET /?g=p0r9o2p6o1r2t3i6o6n0a0l3ly HTTP/1.1" 200 51576 "-" "Mozilla/5.0 (Linux; Android 6.0.1; Nexus 5X Build/MMB29P) AppleWebKit/537.36 (KHTML, like Gecko) Chrome/152.0.7977.82 Mobile Safari/537.36 (compatible; Googlebot/2.1; +http://www.google.com/bot.html)" www.rosenblumtv.com 162.215.248.74
66.249.72.163 - - [14/Sep/2026:08:18:04 -0500] "GET /?g=s1u7p1e5r1f5i3c6i9a0l0i4ze HTTP/1.1" 200 50003 "-" "Mozilla/5.0 (Linux; Android 6.0.1; Nexus 5X Build/MMB29P) AppleWebKit/537.36 (KHTML, like Gecko) Chrome/152.0.7977.82 Mobile Safari/537.36 (compatible; Googlebot/2.1; +http://www.google.com/bot.html)" www.rosenblumtv.com 162.215.248.74
66.249.72.162 - - [14/Sep/2026:08:18:05 -0500] "GET /?g=r1e8m3i8f1o8r0m33345 HTTP/1.1" 200 51043 "-" "Mozilla/5.0 (Linux; Android 6.0.1; Nexus 5X Build/MMB29P) AppleWebKit/537.36 (KHTML, like Gecko) Chrome/152.0.7977.82 Mobile Safari/537.36 (compatible; Googlebot/2.1; +http://www.google.com/bot.html)" www.rosenblumtv.com 162.215.248.74
